{"id":32,"date":"2010-11-21T17:32:45","date_gmt":"2010-11-21T15:32:45","guid":{"rendered":"http:\/\/www.kumiankka.com\/taikurimarko\/?page_id=32"},"modified":"2023-02-28T22:33:05","modified_gmt":"2023-02-28T20:33:05","slug":"produktiot","status":"publish","type":"page","link":"https:\/\/www.kumiankka.com\/taikurimarko\/?page_id=32","title":{"rendered":"Produktiot"},"content":{"rendered":"<p><strong>2022 Taikahuilu ooppera &#8211; Tampereen Ooppera, Tampere-Talo<\/strong><\/p>\n<figure id=\"attachment_305\" aria-describedby=\"caption-attachment-305\" style=\"width: 244px\" class=\"wp-caption alignleft\"><a href=\"https:\/\/www.kumiankka.com\/taikurimarko\/wp-content\/uploads\/2023\/02\/Taikahuilu_illuusio-web.jpg\"><img loading=\"lazy\" decoding=\"async\" class=\"size-medium wp-image-305\" src=\"https:\/\/www.kumiankka.com\/taikurimarko\/wp-content\/uploads\/2023\/02\/Taikahuilu_illuusio-web-244x300.jpg\" alt=\"\" width=\"244\" height=\"300\" srcset=\"https:\/\/www.kumiankka.com\/taikurimarko\/wp-content\/uploads\/2023\/02\/Taikahuilu_illuusio-web-244x300.jpg 244w, https:\/\/www.kumiankka.com\/taikurimarko\/wp-content\/uploads\/2023\/02\/Taikahuilu_illuusio-web-833x1024.jpg 833w, https:\/\/www.kumiankka.com\/taikurimarko\/wp-content\/uploads\/2023\/02\/Taikahuilu_illuusio-web-768x944.jpg 768w, https:\/\/www.kumiankka.com\/taikurimarko\/wp-content\/uploads\/2023\/02\/Taikahuilu_illuusio-web-1250x1536.jpg 1250w, https:\/\/www.kumiankka.com\/taikurimarko\/wp-content\/uploads\/2023\/02\/Taikahuilu_illuusio-web-700x860.jpg 700w, https:\/\/www.kumiankka.com\/taikurimarko\/wp-content\/uploads\/2023\/02\/Taikahuilu_illuusio-web.jpg 1645w\" sizes=\"(max-width: 244px) 100vw, 244px\" \/><\/a><figcaption id=\"caption-attachment-305\" class=\"wp-caption-text\">Taikahuilu, 2022, Tampereen ooppera, Tampere-talo, Ohjaus Tuomas Parkkinen, Valokuva Petri Nuutinen<\/figcaption><\/figure>\n<p>Tampereen Oopperan vuoden 2022 oopperatuotantona n\u00e4htiin klassikkoteos, Mozartin Taikahuilu. N\u00e4ytt\u00e4m\u00f6lle palasi vuonna 2011 ensi-iltansa Tampere-talossa saanut ooppera uudella roolituksella. Kyseess\u00e4 oli yksi Tampereen Oopperan 75-vuotisen historian rakastetuimmista ja suosituimmista teoksista. Vuoden 2022 teos sijoittui 1930-luvun Las Vegasiin. Ohjaus Tuomas Parkkinen.<\/p>\n<p>Taikahuilu Oopperassa suunnittelimme ja rakensimme uudelleen John Nevil Maskelynen kehitt\u00e4m\u00e4n ja Harry Houdinin puolisonsa kanssa kuuluisaksi tekem\u00e4n Metamorphosis -illuusion. Illuusio saikin oopperassa uuden ilmeen, sill\u00e4 vaihtumisia n\u00e4htiin useampi, my\u00f6s taikuri lopulta muuttui useammaksi eri roolihenkil\u00f6iksi.<\/p>\n<p>Taikahuilun ensi-ilta oli 2.3.2022. Oopperan esitykset toteutettiin maaliskuussa 2022 Tampere-talon suurella n\u00e4ytt\u00e4m\u00f6ll\u00e4.<\/p>\n<p><strong>2014 -&gt; Nyt, Motoristit koulukiusaamista vastaan, koulukiertue<\/strong><\/p>\n<p><a href=\"https:\/\/www.kumiankka.com\/taikurimarko\/wp-content\/uploads\/2023\/02\/MKKV.jpg\"><img loading=\"lazy\" decoding=\"async\" class=\"alignright size-medium wp-image-310\" src=\"https:\/\/www.kumiankka.com\/taikurimarko\/wp-content\/uploads\/2023\/02\/MKKV-300x200.jpg\" alt=\"\" width=\"300\" height=\"200\" srcset=\"https:\/\/www.kumiankka.com\/taikurimarko\/wp-content\/uploads\/2023\/02\/MKKV-300x200.jpg 300w, https:\/\/www.kumiankka.com\/taikurimarko\/wp-content\/uploads\/2023\/02\/MKKV-1024x683.jpg 1024w, https:\/\/www.kumiankka.com\/taikurimarko\/wp-content\/uploads\/2023\/02\/MKKV-768x512.jpg 768w, https:\/\/www.kumiankka.com\/taikurimarko\/wp-content\/uploads\/2023\/02\/MKKV-1536x1024.jpg 1536w, https:\/\/www.kumiankka.com\/taikurimarko\/wp-content\/uploads\/2023\/02\/MKKV-700x467.jpg 700w, https:\/\/www.kumiankka.com\/taikurimarko\/wp-content\/uploads\/2023\/02\/MKKV.jpg 2048w\" sizes=\"(max-width: 300px) 100vw, 300px\" \/><\/a>Motoristit koulukiusaamista vastaan (MKKV) on l\u00e4htenyt liikkeelle Tampereella syksyll\u00e4 2013 motoristien keskuudessa syntyneest\u00e4 ajatuksesta kutsua kokoon asiasta kiinnostuneita moottoripy\u00f6r\u00e4ilij\u00f6it\u00e4, jotka ajaisivat ryhm\u00e4n\u00e4 kouluihin puhumaan oppilaille kiusaamiseen liittyvist\u00e4 asioista ja ottamaan siten yhteis\u00f6n\u00e4 kantaa koulukiusaamista vastaan. Kouluvierailujen tarkoituksena on kertoa oppilaille, ett\u00e4 motoristit eiv\u00e4t hyv\u00e4ksy kiusaamista ja ett\u00e4 he haluavat samalla osoittaa kiusatuiksi joutuneille tukeaan ja n\u00e4ytt\u00e4\u00e4 ettei heit\u00e4 ole unohdettu tai j\u00e4tetty ongelmien kanssa yksin.<\/p>\n<p>Kiertue on koko Suomen laajuinen ja vierailuilla on mukana l\u00e4hes aina taikuri esiintym\u00e4ss\u00e4 ja kohottamassa tunnelmaa motoristien puheosuuden j\u00e4lkeen. Itse olen ollut kiertueella mukana jo vuodesta 2014 ja osallistun p\u00e4\u00e4osin Pirkanmaalla tapahtuviin kouluvierailuihin. Kokonaisuudesaan motoristit kiert\u00e4v\u00e4t ala- ja yl\u00e4kouluja arkip\u00e4ivisin n. 2kk kev\u00e4\u00e4ll\u00e4 ja 2kk syksyll\u00e4. Lis\u00e4tietoja kiertueesta: <a href=\"http:\/\/www.mkkv.fi\" target=\"_blank\" rel=\"noopener\">www.mkkv.fi<\/a><\/p>\n<p><strong>2012 Jakobin Sirkus &#8211; Taikuri Marko Joulutorilla<\/strong><\/p>\n<figure id=\"attachment_273\" aria-describedby=\"caption-attachment-273\" style=\"width: 211px\" class=\"wp-caption alignright\"><a href=\"https:\/\/www.kumiankka.com\/taikurimarko\/wp-content\/uploads\/2010\/11\/JS_Joulutori1.jpg\"><img loading=\"lazy\" decoding=\"async\" class=\"size-medium wp-image-273\" title=\"JS_Joulutori2012\" src=\"https:\/\/www.kumiankka.com\/taikurimarko\/wp-content\/uploads\/2010\/11\/JS_Joulutori1-211x300.jpg\" alt=\"\" width=\"211\" height=\"300\" srcset=\"https:\/\/www.kumiankka.com\/taikurimarko\/wp-content\/uploads\/2010\/11\/JS_Joulutori1-211x300.jpg 211w, https:\/\/www.kumiankka.com\/taikurimarko\/wp-content\/uploads\/2010\/11\/JS_Joulutori1.jpg 564w\" sizes=\"(max-width: 211px) 100vw, 211px\" \/><\/a><figcaption id=\"caption-attachment-273\" class=\"wp-caption-text\">Jakobin Sirkus Joulutori 2012<\/figcaption><\/figure>\n<p>Jakobin Sirkus sek\u00e4 Sirkus Kumiankka toivat Tampereen Joulutorille sirkusta joulun hengess\u00e4. Torille pystytettiin pieni l\u00e4mmitetty sirkusteltta jossa vuorottelivat Jakobin Sirkuksen (Heidi Jakobsson) Punahilkka n\u00e4ytelm\u00e4 sek\u00e4 Sirkus Kumiankan <strong>Taikuri Marko<\/strong>.<\/p>\n<p>Esityksi\u00e4 torilla tehtiin yhteens\u00e4 19. Joista Punahilkka py\u00f6ri 6 esityksen verran ja Taikuri Marko puolestaan 13. Taikuri Markon esityksiss\u00e4 n\u00e4htiin muun muassa kahdeksas maailman ihme sek\u00e4 SM -palkittu diabolo jongleerausesitys. Shown aikana my\u00f6s opetettiin yleis\u00f6lle taikatemppu ja p\u00e4\u00e4stettiin koulutettu temppuileva pesukarhu Santeri vauhtiin. Kuuleman mukaan teltassa sis\u00e4ll\u00e4 koettiin my\u00f6s taikuuden keinoin toteutettu lumisade.<\/p>\n<p>Esityksen tuotanto tapahtui t\u00e4ysin Jakobin Sirkuksen (<a href=\"http:\/\/www.jakobinsirkus.fi\" target=\"_blank\" rel=\"noopener\">www.jakobinsirkus.fi<\/a>)\u00a0 kautta ja suuri osa budjetista toteutettiin lipunmyynnill\u00e4 suoraan teltan ovelta.<\/p>\n<p><strong>2007-2009<br \/>\nJoulun Siivet -koko perheen taianomainen joulukonsertti<\/strong><\/p>\n<p><img loading=\"lazy\" decoding=\"async\" class=\"alignleft size-full wp-image-104\" src=\"https:\/\/www.kumiankka.com\/taikurimarko\/wp-content\/uploads\/2010\/11\/Joulunsiivet2.jpg\" alt=\"Kuvaaja: Outi Teye\" width=\"200\" height=\"150\" \/>Joulun Siivet kertoo 10-vuotiaasta Henna Hannikaisesta ja siit\u00e4 mit\u00e4 tapahtuu, kun Henna tapaa Sandran, enkelin. Henna ja Sandra l\u00e4htev\u00e4t seikkailemaan yhdess\u00e4 ja k\u00e4yv\u00e4t monissa paikoissa. Ehk\u00e4 niist\u00e4 jotkut ovat sinullekkin tuttuja? Kaikkia paikkoja yhdist\u00e4\u00e4 joulu. L\u00f6yt\u00e4v\u00e4tk\u00f6h\u00e4n Henna ja Sandra joulun salaisuuden.<\/p>\n<p>Joulun Siivet on yht\u00e4 aikaa konsertti ja n\u00e4ytelm\u00e4, jossa n\u00e4hd\u00e4\u00e4n my\u00f6s taikatemppuja.<\/p>\n<p><strong>K\u00e4sikirjoitus ja ohjaus:<\/strong><br \/>\nAntti Sevanto<\/p>\n<p><img loading=\"lazy\" decoding=\"async\" class=\"alignright size-full wp-image-105\" src=\"https:\/\/www.kumiankka.com\/taikurimarko\/wp-content\/uploads\/2010\/11\/Joulunsiivet1.jpg\" alt=\"Kuvaaja: Outi Teye\" width=\"200\" height=\"186\" \/><strong>Rooleissa<\/strong>:<br \/>\nTeija Palolahti (sopraano)<br \/>\nP\u00e4ivi Viitanen (harppu)<br \/>\nThelma Romu (laulu)<br \/>\nJukka Romu (baritoni)<br \/>\nMarko Akkanen (taikuri)<\/p>\n<p>Joulun Siivet on syntynyt Pia Freundin ja Teija Palolahden idean pohjalta, jota koko ty\u00f6ryhm\u00e4n kanssa yhdess\u00e4 on kehitetty. Esityksen on ohjannut Antti Sevanto ja tuottanut Outi Teye Ohjelmatoimisto Kristallista. Marko n\u00e4ytteli konsertissa nelj\u00e4\u00e4 eri roolia ja toi joulumielt\u00e4 sek\u00e4 erikoistehosteita n\u00e4ytt\u00e4m\u00f6lle taikuuden avulla.<\/p>\n<hr \/>\n<p><strong>2007<br \/>\nTunareita vai Taikureita?<\/strong><\/p>\n<p>Kes\u00e4ll\u00e4 2007 &#8221;Temppuja ja taikoja&#8221; -esitys mukautui Linnanm\u00e4en ulkolavalle ja vaihtoi nimens\u00e4 &#8221;Tunareita vai Taikureita?&#8221; -showksi. Uusi esitys n\u00e4htiin Linnanm\u00e4en ulkolavalla 30 kertaa. Osa Temppuja ja taikoja -shown tempuista s\u00e4ilytettiin, mutta uusiakin temppuja otettiin mukaa. Suuremmat puitteet antoivat mahdollisuuden suuremmille tempuille ja n\u00e4in illuusioitakin n\u00e4htiin esityksess\u00e4 mukana. Naiskauneutta lavalle toi paremmin muusikkona tunnettu\u00a0<a href=\"http:\/\/www.myspace.com\/annaekarvonen\">Anna Karvonen<\/a>.<\/p>\n<p><strong> 2006-2007<br \/>\nTemppuja &amp; Taikoja &#8211; show:<\/strong><\/p>\n<p>Temppuja &amp; Taikoja suunniteltiin yhteisty\u00f6ss\u00e4 Helsingin opetusviraston kanssa. Iltap\u00e4iv\u00e4kerholaisille suunnatussa esityksess\u00e4 kaksi sirkustaiteen muotoa, taikuus ja jongleeraus, yhdistyiv\u00e4t mielenkiintoisella ja j\u00e4nnitt\u00e4v\u00e4ll\u00e4 tavalla.<\/p>\n<p><img loading=\"lazy\" decoding=\"async\" class=\"size-medium wp-image-107 alignleft\" src=\"https:\/\/www.kumiankka.com\/taikurimarko\/wp-content\/uploads\/2010\/11\/temppuja-taikaa_pieni-300x225.gif\" alt=\"Temppuja &amp; taikaa postikortit\" width=\"300\" height=\"225\" srcset=\"https:\/\/www.kumiankka.com\/taikurimarko\/wp-content\/uploads\/2010\/11\/temppuja-taikaa_pieni-300x225.gif 300w, https:\/\/www.kumiankka.com\/taikurimarko\/wp-content\/uploads\/2010\/11\/temppuja-taikaa_pieni.gif 400w\" sizes=\"(max-width: 300px) 100vw, 300px\" \/>Lasten ehdoilla tapahtuvan esityksen n\u00e4ki kaikkiaan yli 600 kerholaista. Sen tarkoituksena oli viihdytt\u00e4\u00e4 ja tarjota jotakin normaalista kerhotoiminnasta poikkeavaa &#8211; ja mikseip\u00e4 my\u00f6s antaa kipin\u00e4n taikamaailman l\u00f6yt\u00e4miseen!<\/p>\n<p>Markon lis\u00e4ksi esityksess\u00e4 oli mukana Kansallisteatterin valoista tuttu\u00a0<a href=\"http:\/\/www.taikuriville.com\/\">Ville Virtanen<\/a>. Esityksess\u00e4 Villen p\u00e4\u00e4painotus oli taikatempuissa, Markolla puolestaan jongleerauksessa.<\/p>\n<p>Vastaavanlaista iltap\u00e4iv\u00e4kerhoille tarkoitettua kiertuetta ei ollut aikaisemmin j\u00e4rjestetty n\u00e4in suuressa mittakaavassa. Esityksi\u00e4 oli yli 40:lle iltap\u00e4iv\u00e4ryhm\u00e4lle ja esitykset tapahtuivat 20:ssa koulussa ymp\u00e4ri Helsinki\u00e4.<\/p>\n<p>Esityksen kesto oli noin 45 minuuttia.<\/p>\n<hr \/>\n<p><img loading=\"lazy\" decoding=\"async\" class=\"size-full wp-image-106 alignright\" src=\"https:\/\/www.kumiankka.com\/taikurimarko\/wp-content\/uploads\/2010\/11\/mult2.jpg\" alt=\"\" width=\"300\" height=\"451\" srcset=\"https:\/\/www.kumiankka.com\/taikurimarko\/wp-content\/uploads\/2010\/11\/mult2.jpg 300w, https:\/\/www.kumiankka.com\/taikurimarko\/wp-content\/uploads\/2010\/11\/mult2-199x300.jpg 199w\" sizes=\"(max-width: 300px) 100vw, 300px\" \/><br \/>\n<strong>2006<br \/>\nMultimagiga<\/strong><\/p>\n<p>Multimagiga on aivan uuteen illuusiotekniikkaan pohjautuva taikaesitys. Ihminen tulee hajoamaan palasiksi, h\u00e4vi\u00e4m\u00e4\u00e4n, leijumaan ja ilmestym\u00e4\u00e4n kuin Matrix ja Terminator elokuvissa. Kaikki tapahtuu tyhj\u00e4ll\u00e4 n\u00e4ytt\u00e4m\u00f6ll\u00e4 ilman taikureille tyypillisi\u00e4 laatikoita. Tatu Tynin useita vuosia kehittelem\u00e4 tekniikka tuodaan nyt ensimm\u00e4ist\u00e4 kertaa n\u00e4ytt\u00e4m\u00f6lle!<\/p>\n<p>Multimagiga on taikaesityksen ja teatterin v\u00e4limuoto. Er\u00e4\u00e4nlainen n\u00e4ytt\u00e4m\u00f6lle tuotu musiikkivideo. Tapahtumat virtaavat tilanteesta toiseen, esineet v\u00e4\u00e4ntyv\u00e4t toisiksi, tunnelmat k\u00e4\u00e4ntyv\u00e4t p\u00e4\u00e4laelleen. Taikurin k\u00e4det el\u00e4v\u00e4t omaa el\u00e4m\u00e4\u00e4ns\u00e4, ilmaan piirtyvien valojuovien p\u00e4\u00e4ll\u00e4 k\u00e4vell\u00e4\u00e4n, sukelletaan metrotunneliin, n\u00e4ytt\u00e4m\u00f6toiminta pys\u00e4htyy kuin videokuva, tapahtumat rullaavat takaperin tai hypp\u00e4\u00e4v\u00e4t h\u00e4iritsev\u00e4sti sekunnin tai kaksi reaaliaikaa edelle. Multimagiga on tapahtumavirtaa, joka ei noudata j\u00e4rjellisen maailman lakeja!<\/p>\n","protected":false},"excerpt":{"rendered":"<p>2022 Taikahuilu ooppera &#8211; Tampereen Ooppera, Tampere-Talo Tampereen Oopperan vuoden 2022 oopperatuotantona n\u00e4htiin klassikkoteos, Mozartin Taikahuilu. N\u00e4ytt\u00e4m\u00f6lle palasi vuonna 2011 ensi-iltansa Tampere-talossa saanut ooppera uudella roolituksella. Kyseess\u00e4 oli yksi Tampereen Oopperan 75-vuotisen historian rakastetuimmista ja suosituimmista teoksista. Vuoden 2022 teos sijoittui 1930-luvun Las Vegasiin. Ohjaus Tuomas Parkkinen. Taikahuilu Oopperassa suunnittelimme ja rakensimme uudelleen John Nevil [&hellip;]<\/p>\n","protected":false},"author":1,"featured_media":0,"parent":56,"menu_order":2,"comment_status":"closed","ping_status":"closed","template":"","meta":{"footnotes":""},"_links":{"self":[{"href":"https:\/\/www.kumiankka.com\/taikurimarko\/index.php?rest_route=\/wp\/v2\/pages\/32"}],"collection":[{"href":"https:\/\/www.kumiankka.com\/taikurimarko\/index.php?rest_route=\/wp\/v2\/pages"}],"about":[{"href":"https:\/\/www.kumiankka.com\/taikurimarko\/index.php?rest_route=\/wp\/v2\/types\/page"}],"author":[{"embeddable":true,"href":"https:\/\/www.kumiankka.com\/taikurimarko\/index.php?rest_route=\/wp\/v2\/users\/1"}],"replies":[{"embeddable":true,"href":"https:\/\/www.kumiankka.com\/taikurimarko\/index.php?rest_route=%2Fwp%2Fv2%2Fcomments&post=32"}],"version-history":[{"count":34,"href":"https:\/\/www.kumiankka.com\/taikurimarko\/index.php?rest_route=\/wp\/v2\/pages\/32\/revisions"}],"predecessor-version":[{"id":314,"href":"https:\/\/www.kumiankka.com\/taikurimarko\/index.php?rest_route=\/wp\/v2\/pages\/32\/revisions\/314"}],"up":[{"embeddable":true,"href":"https:\/\/www.kumiankka.com\/taikurimarko\/index.php?rest_route=\/wp\/v2\/pages\/56"}],"wp:attachment":[{"href":"https:\/\/www.kumiankka.com\/taikurimarko\/index.php?rest_route=%2Fwp%2Fv2%2Fmedia&parent=32"}],"curies":[{"name":"wp","href":"https:\/\/api.w.org\/{rel}","templated":true}]}}